50. Suppose -15*k = -x + 6. What are the prime factors of (k - 2) + 2 + 2/1?
5
Let l(c) = -c**2 - 3. Let b be l(-15). List the prime factors of (-70)/12*4*8550/b.
5, 7
Let h(m) = -59*m + 290. What are the prime factors of h(-9)?
821
Let o(d) = -9575*d**3 + 4*d**2 + 2*d - 1. Let y be o(-1). Suppose 27*a - y = 18*a. List the prime factors of a.
2, 7, 19
Suppose -2*l - 13 = -q, 3*q = -l + 2 + 2. Suppose -2 = -4*w - 6, q*w = -m + 136. What are the prime factors of m?
139
Let c(q) = -5*q + 239. Let t be c(23). Suppose -i - 4*b = -t, -2*i - 3*b + 62 + 171 = 0. What are the prime factors of i?
2, 7
Suppose -21*x - 114*x - 40*x + 4482975 = 0. What are the prime factors of x?
3, 8539
Let q(l) = -l**3 - 14*l**2 - 25*l + 6. Let b be q(-12). Suppose 5*w - 5*f - 2625 = 0, 1572 = -15*w + b*w - 4*f. What are the prime factors of w?
2, 3, 11
Suppose 0*y = -y + 2*j - 57, -j = -2*y - 99. Let z = 47 + y. Suppose -5*l = -u - 386, -l + u = -z*l - 74. What are the prime factors of l?
2, 3, 13
Let r(w) = -3*w - 4*w**2 + 9*w**3 - 8*w**3 + 53 - 58. Let y be r(5). Suppose y*v + 215 = 935. List the prime factors of v.
2, 3
Suppose 2*k - 3*j = 2*j + 39, -4*k + 90 = 2*j. What are the prime factors of k/(-66)*(-588 + 0)?
2, 7
List the prime factors of (293/2)/(112/2912).
13, 293
Let t(i) be the first derivative of -i**4/4 + 5*i**3/3 - 3*i**2/2 + 4*i - 37. Let y(a) = -a + 5. Let h be y(1). List the prime factors of t(h).
2
Let b = -76 - -76. Suppose -4 - 8 = j - 4*m, b = 4*j - 3*m - 4. Suppose 0 = -j*r - 4*u + 332, u + 445 = 7*r - 2*r. List the prime factors of r.
2, 11
Let j(f) = -88*f + 7. Suppose 5*v - 4*w + 9 = -2*w, -v + 3 = -2*w. What are the prime factors of j(v)?
271
Suppose -a = d + 120, 2*d - 3*a + 332 = 102. Let q = -284 + 235. Let x = q - d. List the prime factors of x.
3, 23
Let l = -3 + -2. Let f(u) = -u**3 + 9*u + 9. Let q be f(l). Let h = q + -31. List the prime factors of h.
2, 29
Let k(m) be the first derivative of 4*m**3/3 - 33*m + 105. List the prime factors of k(14).
751
Suppose 0 = -21*x + 12*x. What are the prime factors of (x + (42/(-12))/7)*-444?
2, 3, 37
Let g(x) = -x**3 - 158*x**2 - 170*x - 364. What are the prime factors of g(-158)?
2, 3, 23
Let z be (-4 - (-21)/6)/((-1)/26). Suppose 9*h - z*h = -2456. What are the prime factors of h?
2, 307
Let h(v) be the second derivative of 0 - v - 29/2*v**2 - 14/3*v**3 + 1/20*v**5 + 2*v**4. What are the prime factors of h(-25)?
2, 23
Let p(u) = -2*u**3 - u**2 - 9. Let y be p(-4). Let q = 97 - y. List the prime factors of (-1120)/(-4) + (q - -3).
277
Suppose 2190 = -8*c + 10381 + 125761. What are the prime factors of c?
2, 7, 13, 23
Let m(v) = 5911*v**2 + 91*v + 53. What are the prime factors of m(-2)?
5, 4703
Let d(p) = -p + 9. Let q be d(-3). Let n = q + -18. What are the prime factors of ((-2)/n - 0)/((-37)/(-6105))?
5, 11
Let d(s) = s + 23. Let j be d(-16). Suppose 25 = -3*q + j. Let p(u) = u**2 + 4*u - 7. List the prime factors of p(q).
5
Let l be (-1 + 3 + -2)/(2 - 4). Suppose 5*r + 15 = 0, -4*v - 2*r - 197 + 1391 = l. List the prime factors of v.
2, 3, 5
Let h = -52 - -54. Let s = h - -3. Suppose -116 = s*j - 7*j. What are the prime factors of j?
2, 29
Let f(b) = b**2 + 27*b - 35. Let m be f(-17). Let h = m + 237. List the prime factors of h.
2
Let r(d) = -4*d**3 - 9*d**2 - 20*d - 4. What are the prime factors of r(-16)?
2, 59, 61
Let i(f) = 4*f. Let y be i(1). Suppose z + 6 = -y. What are the prime factors of (-655)/z - 1/(2*-1)?
2, 3, 11
Let d(r) = 46*r - 11. Suppose -y - x + 3*x + 3 = 0, 0 = -4*y - x + 30. List the prime factors of d(y).
311
Let u(r) = -182*r - 293. Let a(k) = -2*k + 2. Let s(l) = a(l) + u(l). List the prime factors of s(-8).
1181
List the prime factors of (-11403)/(-12) + (-603)/268.
2, 3, 79
Let v(a) = a**3 + 7*a**2 + a + 7. Let f be v(-7). Suppose -5*z - z + 6 = f. What are the prime factors of (z/(-2))/((-4)/1096)?
137
Suppose 6460 = -7*l + 12*l + 5*c, -4*l + 5171 = 5*c. Let p = 2678 - l. What are the prime factors of p?
3, 463
Let k = 33 - 44. Let z(s) be the second derivative of -s**5/20 - 5*s**4/6 + s**3 + 3*s**2/2 - 2*s. What are the prime factors of z(k)?
2, 29
Let z = -15753 + 11107. What are the prime factors of (-9)/54 + 2*z/(-24)?
3, 43
Suppose -171*x - 23656 = -175*x. What are the prime factors of x?
2, 2957
Let i(m) = -m**3 - 49*m**2 - 124*m - 291. What are the prime factors of i(-49)?
5, 13, 89
Suppose -46*j - 18404 = -3*m - 50*j, -m + j + 6123 = 0. List the prime factors of m.
2, 383
Suppose -11*a + 9*a + 11028 = 2*b, 5*a + 16518 = 3*b. List the prime factors of b.
3, 11, 167
Let o(p) = -6*p + p - 16 + p - 15. Let k be o(-9). Suppose -k*a + a + 236 = 0. What are the prime factors of a?
59
Let p(g) = g**2 + 541*g + 31830. What are the prime factors of p(0)?
2, 3, 5, 1061
Let l = 66 - 64. Let c(a) = 28*a**3 + 3*a**2 - a + 1. Let s(b) = 83*b**3 + 10*b**2 - 3*b + 4. Let o(z) = l*s(z) - 7*c(z). List the prime factors of o(-1).
29
List the prime factors of (6 + 361)*(-26 - -37).
11, 367
Let u be ((-112)/(-4) - 0)*(0 - 1). Let w be (-5 - -1)/u + 6274/(-14). Let z = -282 - w. What are the prime factors of z?
2, 83
List the prime factors of -147 + 6708 - (-11 - -1).
6571
Let w = 19 + -26. Let y = -7 - w. What are the prime factors of (y - -1)*(48 + 6/3)?
2, 5
Let b be ((-14)/6*-1)/((-7)/(-21)). Let j be (-1)/(5/(-2))*(-2905)/b. Let d = 40 - j. What are the prime factors of d?
2, 103
Let y(n) = -n + 1. Let m be y(-27). What are the prime factors of (-5447)/(-7) - 4/m?
2, 389
Let s(m) = 6*m**3 + 6*m + 4. Let f be s(-1). Let c(t) = 224 - 2*t**3 - 107 - 10*t**2 - 107 + 15*t. What are the prime factors of c(f)?
2, 137
Suppose -10*q = 4*q - 28. Suppose -2*n - 1784 + 466 = -4*m, -5*n = q*m - 689. Let j = m + -226. What are the prime factors of j?
2, 53
Let i(r) = 2*r - 24. Let x be i(13). Let w(m) = -3*m + 289 + 18*m**2 - 293 + 20*m**x. What are the prime factors of w(-1)?
37
Suppose 4*z - 14*w + 5*w - 161494 = 0, z - 40375 = 2*w. List the prime factors of z.
40387
Let b(p) = -p**3 - p**2 + 6*p + 17. Let d be b(-4). Suppose -14*k + d*k = 8883. List the prime factors of k.
7, 47
Let r(n) = -66*n - 3634. List the prime factors of r(-70).
2, 17, 29
Let o = -119 - -122. Suppose 0 = 3*h - 3*q - 1155, h = o*q + 383 - 8. What are the prime factors of h?
2, 3, 5, 13
Let p = -3627 + 5710. List the prime factors of p.
2083
Suppose 428 = -4*a + 128. Let q be (576/(-20))/((-2)/a*3). Let h = q + 554. What are the prime factors of h?
2, 97
Let w be 19 - (-6 - (-10 - -7)). What are the prime factors of w/(-44) - 2841/(-6)?
11, 43
Let c = -11058 - -27214. What are the prime factors of c?
2, 7, 577
Let z(l) = 838*l**2 - 8*l - 68. List the prime factors of z(-3).
2, 23, 163
Let h = 109 - 53. Let b(q) = -3*q + 0*q - h + 3*q - 6*q. List the prime factors of b(-26).
2, 5
Let o = 6855 - 5450. What are the prime factors of o?
5, 281
Let q(k) = -41*k**3 - 3*k**2 + 12*k. Let l(u) = 120*u**3 + 8*u**2 - 35*u. Let y(x) = 3*l(x) + 8*q(x). List the prime factors of y(3).
3, 31
Suppose 0 = 3*n - 0*n + 2*w - 1805, w + 1215 = 2*n. Let x = -957 + n. List the prime factors of (x/(-56))/(2/7).
2, 11
List the prime factors of 27/18 + 133395/10.
3, 4447
Suppose 0 = 5*o + 967 - 4772. Suppose -3*i = -5*k - 937, 2*i = -2*i + 2*k + 1268. Suppose -i = -8*m + o. What are the prime factors of m?
3, 5
Let o(h) = -7*h + 78. Let z be o(-8). Suppose -1744 = -z*k + 118*k. List the prime factors of k.
109
Suppose 0 = -b + 9612 + 8843. List the prime factors of b.
5, 3691
What are the prime factors of (285/(-855))/(2/(-58794))?
41, 239
Suppose 80 = 5*y + 2*z, -z - 3*z - 20 = 0. Suppose 2*b + y = 4*h, -2*b - 17 + 5 = -2*h. Let c(s) = 7*s**2 - 3*s - 2. What are the prime factors of c(b)?
2, 5, 7
Let n = 35 + -32. Suppose -n*s = -v - 68, 0 = -2*s + 3*s - 5*v - 46. Suppose 84 = 3*m - s. What are the prime factors of m?
5, 7
Suppose 56627 + 108521 = 90*v - 438302. List the prime factors of v.
3, 5, 149
Let f(z) = -z**2 - 18*z + 39. Let q be f(-11). Suppose 474 = 4*w + 2*k, k + 232 = 3*w - q. What are the prime factors of w?
3, 13
Let d be (1 + 40)/((-44)/2464). Let k = d - -3255. What are the prime factors of k?
7, 137
Let k be 16*(-2 + 2*15/12). Let q(d) = -d**2 + 13*d - 35. Let s be q(k). Suppose 4*p = -2*f + p + 191, -5*p = -s*f 